{"id":24,"date":"2023-02-09T11:30:26","date_gmt":"2023-02-09T11:30:26","guid":{"rendered":"https:\/\/norvid.lt\/?page_id=24"},"modified":"2026-03-17T18:40:14","modified_gmt":"2026-03-17T16:40:14","slug":"ikainiai","status":"publish","type":"page","link":"https:\/\/norvid.lt\/ikainiai\/","title":{"rendered":"\u012ekainiai"},"content":{"rendered":"\t\t<div data-elementor-type=\"wp-page\" data-elementor-id=\"24\" class=\"elementor elementor-24\">\n\t\t\t\t<div class=\"elementor-element elementor-element-756c943 e-flex e-con-boxed e-con e-parent\" data-id=\"756c943\" data-element_type=\"container\" data-e-type=\"container\">\n\t\t\t\t\t<div class=\"e-con-inner\">\n\t\t<div class=\"elementor-element elementor-element-3367cca e-con-full e-flex e-con e-child\" data-id=\"3367cca\" data-element_type=\"container\" data-e-type=\"container\">\n\t\t\t\t<div class=\"elementor-element elementor-element-71effc8 elementor-widget elementor-widget-text-editor\" data-id=\"71effc8\" data-element_type=\"widget\" data-e-type=\"widget\" data-widget_type=\"text-editor.default\">\n\t\t\t\t<div class=\"elementor-widget-container\">\n\t\t\t\t\t\t\t\t\t<h3 data-path-to-node=\"2\">\ud83d\udce6 Siunt\u0173 ir automobili\u0173 perve\u017eimas: Lietuva \u2194 Norvegija<\/h3>\n<h5 data-path-to-node=\"3\"><b data-path-to-node=\"3\" data-index-in-node=\"0\">Siuntos (svoris neribojamas!):<\/b><\/h5>\n<p data-path-to-node=\"4,0,0\"><b data-path-to-node=\"4,0,0\" data-index-in-node=\"0\">Banan\u0173 d\u0117\u017e\u0117s dyd\u017eio siunta:<\/b> nuo 30 \u20ac \/ 350 kr.<\/p>\n<p data-path-to-node=\"4,1,0\"><b data-path-to-node=\"4,1,0\" data-index-in-node=\"0\">Vidutinis krep\u0161ys ar lagaminas:<\/b> nuo 35 \u20ac \/ 400 kr.<\/p>\n<p data-path-to-node=\"4,2,0\"><b data-path-to-node=\"4,2,0\" data-index-in-node=\"0\">Didelis krep\u0161ys ar lagaminas:<\/b> nuo 50 \u20ac \/ 600 kr.<\/p>\n<h5 data-path-to-node=\"5\"><b data-path-to-node=\"5\" data-index-in-node=\"0\">\ud83d\ude97 Automobili\u0173 perve\u017eimas:<\/b><\/h5>\n<p data-path-to-node=\"6,0,0\"><b data-path-to-node=\"6,0,0\" data-index-in-node=\"0\">I\u0161 Lietuvos \u012f Norvegij\u0105:<\/b> nuo 600 \u20ac \/ 7000 kr.<\/p>\n<p data-path-to-node=\"6,1,0\"><b data-path-to-node=\"6,1,0\" data-index-in-node=\"0\">I\u0161 Norvegijos \u012f Lietuv\u0105<\/b> (m\u016bs\u0173 va\u017eiuojamu mar\u0161rutu): nuo 600 \u20ac \/ 7000 kr.<\/p>\n<p data-path-to-node=\"7\">\u26a0\ufe0f <b data-path-to-node=\"7\" data-index-in-node=\"3\">Svarbi informacija:<\/b> Keleivi\u0173 ir gyv\u016bn\u0173 neve\u017eame.<\/p>\t\t\t\t\t\t\t\t<\/div>\n\t\t\t\t<\/div>\n\t\t\t\t<\/div>\n\t\t\t\t\t<\/div>\n\t\t\t\t<\/div>\n\t\t\t\t<\/div>\n\t\t","protected":false},"excerpt":{"rendered":"<p>\ud83d\udce6 Siunt\u0173 ir automobili\u0173 perve\u017eimas: Lietuva \u2194 Norvegija Siuntos (svoris neribojamas!): Banan\u0173 d\u0117\u017e\u0117s dyd\u017eio siunta: nuo 30 \u20ac \/ 350 kr. Vidutinis krep\u0161ys ar lagaminas: nuo 35 \u20ac \/ 400 kr. Didelis krep\u0161ys ar lagaminas: nuo 50 \u20ac \/ 600 kr. \ud83d\ude97 Automobili\u0173 perve\u017eimas: I\u0161 Lietuvos \u012f Norvegij\u0105: nuo 600 \u20ac \/ 7000 kr. I\u0161 [&hellip;]<\/p>\n","protected":false},"author":1,"featured_media":0,"parent":0,"menu_order":0,"comment_status":"closed","ping_status":"closed","template":"","meta":{"site-sidebar-layout":"default","site-content-layout":"","ast-site-content-layout":"default","site-content-style":"default","site-sidebar-style":"default","ast-global-header-display":"","ast-banner-title-visibility":"","ast-main-header-display":"","ast-hfb-above-header-display":"","ast-hfb-below-header-display":"","ast-hfb-mobile-header-display":"","site-post-title":"","ast-breadcrumbs-content":"","ast-featured-img":"","footer-sml-layout":"","ast-disable-related-posts":"","theme-transparent-header-meta":"","adv-header-id-meta":"","stick-header-meta":"","header-above-stick-meta":"","header-main-stick-meta":"","header-below-stick-meta":"","astra-migrate-meta-layouts":"set","ast-page-background-enabled":"default","ast-page-background-meta":{"desktop":{"background-color":"var(--ast-global-color-4)","background-image":"","background-repeat":"repeat","background-position":"center center","background-size":"auto","background-attachment":"scroll","background-type":"","background-media":"","overlay-type":"","overlay-color":"","overlay-opacity":"","overlay-gradient":""},"tablet":{"background-color":"","background-image":"","background-repeat":"repeat","background-position":"center center","background-size":"auto","background-attachment":"scroll","background-type":"","background-media":"","overlay-type":"","overlay-color":"","overlay-opacity":"","overlay-gradient":""},"mobile":{"background-color":"","background-image":"","background-repeat":"repeat","background-position":"center center","background-size":"auto","background-attachment":"scroll","background-type":"","background-media":"","overlay-type":"","overlay-color":"","overlay-opacity":"","overlay-gradient":""}},"ast-content-background-meta":{"desktop":{"background-color":"var(--ast-global-color-5)","background-image":"","background-repeat":"repeat","background-position":"center center","background-size":"auto","background-attachment":"scroll","background-type":"","background-media":"","overlay-type":"","overlay-color":"","overlay-opacity":"","overlay-gradient":""},"tablet":{"background-color":"var(--ast-global-color-5)","background-image":"","background-repeat":"repeat","background-position":"center center","background-size":"auto","background-attachment":"scroll","background-type":"","background-media":"","overlay-type":"","overlay-color":"","overlay-opacity":"","overlay-gradient":""},"mobile":{"background-color":"var(--ast-global-color-5)","background-image":"","background-repeat":"repeat","background-position":"center center","background-size":"auto","background-attachment":"scroll","background-type":"","background-media":"","overlay-type":"","overlay-color":"","overlay-opacity":"","overlay-gradient":""}},"ngg_post_thumbnail":0,"footnotes":""},"class_list":["post-24","page","type-page","status-publish","hentry"],"yoast_head":"<!-- This site is optimized with the Yoast SEO plugin v27.4 - https:\/\/yoast.com\/product\/yoast-seo-wordpress\/ -->\n<title>\u012ekainiai -<\/title>\n<meta name=\"description\" content=\"Banan\u0173 d\u0117\u017e\u0117s dyd\u017eio siunta nuo 30 EUR\/350 Kr. Automobilio perve\u017eimas i\u0161 Lietuvos \u012f Norvegij\u0105 nuo 600 EUR\/7000 Kr.\" \/>\n<meta name=\"robots\" content=\"index, follow, max-snippet:-1, max-image-preview:large, max-video-preview:-1\" \/>\n<link rel=\"canonical\" href=\"https:\/\/norvid.lt\/ikainiai\/\" \/>\n<meta property=\"og:locale\" content=\"lt_LT\" \/>\n<meta property=\"og:type\" content=\"article\" \/>\n<meta property=\"og:title\" content=\"\u012ekainiai -\" \/>\n<meta property=\"og:description\" content=\"Banan\u0173 d\u0117\u017e\u0117s dyd\u017eio siunta nuo 30 EUR\/350 Kr. Automobilio perve\u017eimas i\u0161 Lietuvos \u012f Norvegij\u0105 nuo 600 EUR\/7000 Kr.\" \/>\n<meta property=\"og:url\" content=\"https:\/\/norvid.lt\/ikainiai\/\" \/>\n<meta property=\"article:publisher\" content=\"https:\/\/www.facebook.com\/profile.php?id=100063518624903\" \/>\n<meta property=\"article:modified_time\" content=\"2026-03-17T16:40:14+00:00\" \/>\n<meta name=\"twitter:card\" content=\"summary_large_image\" \/>\n<meta name=\"twitter:label1\" content=\"Est. reading time\" \/>\n\t<meta name=\"twitter:data1\" content=\"1 minut\u0117\" \/>\n<script type=\"application\/ld+json\" class=\"yoast-schema-graph\">{\"@context\":\"https:\\\/\\\/schema.org\",\"@graph\":[{\"@type\":\"WebPage\",\"@id\":\"https:\\\/\\\/norvid.lt\\\/ikainiai\\\/\",\"url\":\"https:\\\/\\\/norvid.lt\\\/ikainiai\\\/\",\"name\":\"\u012ekainiai -\",\"isPartOf\":{\"@id\":\"https:\\\/\\\/norvid.lt\\\/#website\"},\"datePublished\":\"2023-02-09T11:30:26+00:00\",\"dateModified\":\"2026-03-17T16:40:14+00:00\",\"description\":\"Banan\u0173 d\u0117\u017e\u0117s dyd\u017eio siunta nuo 30 EUR\\\/350 Kr. Automobilio perve\u017eimas i\u0161 Lietuvos \u012f Norvegij\u0105 nuo 600 EUR\\\/7000 Kr.\",\"breadcrumb\":{\"@id\":\"https:\\\/\\\/norvid.lt\\\/ikainiai\\\/#breadcrumb\"},\"inLanguage\":\"lt-LT\",\"potentialAction\":[{\"@type\":\"ReadAction\",\"target\":[\"https:\\\/\\\/norvid.lt\\\/ikainiai\\\/\"]}]},{\"@type\":\"BreadcrumbList\",\"@id\":\"https:\\\/\\\/norvid.lt\\\/ikainiai\\\/#breadcrumb\",\"itemListElement\":[{\"@type\":\"ListItem\",\"position\":1,\"name\":\"Home\",\"item\":\"https:\\\/\\\/norvid.lt\\\/\"},{\"@type\":\"ListItem\",\"position\":2,\"name\":\"\u012ekainiai\"}]},{\"@type\":\"WebSite\",\"@id\":\"https:\\\/\\\/norvid.lt\\\/#website\",\"url\":\"https:\\\/\\\/norvid.lt\\\/\",\"name\":\"Norvid.lt\",\"description\":\"\",\"publisher\":{\"@id\":\"https:\\\/\\\/norvid.lt\\\/#organization\"},\"potentialAction\":[{\"@type\":\"SearchAction\",\"target\":{\"@type\":\"EntryPoint\",\"urlTemplate\":\"https:\\\/\\\/norvid.lt\\\/?s={search_term_string}\"},\"query-input\":{\"@type\":\"PropertyValueSpecification\",\"valueRequired\":true,\"valueName\":\"search_term_string\"}}],\"inLanguage\":\"lt-LT\"},{\"@type\":\"Organization\",\"@id\":\"https:\\\/\\\/norvid.lt\\\/#organization\",\"name\":\"UAB ,,Norvid\\\"\",\"url\":\"https:\\\/\\\/norvid.lt\\\/\",\"logo\":{\"@type\":\"ImageObject\",\"inLanguage\":\"lt-LT\",\"@id\":\"https:\\\/\\\/norvid.lt\\\/#\\\/schema\\\/logo\\\/image\\\/\",\"url\":\"https:\\\/\\\/norvid.lt\\\/wp-content\\\/uploads\\\/2023\\\/02\\\/cropped-logo.png\",\"contentUrl\":\"https:\\\/\\\/norvid.lt\\\/wp-content\\\/uploads\\\/2023\\\/02\\\/cropped-logo.png\",\"width\":719,\"height\":218,\"caption\":\"UAB ,,Norvid\\\"\"},\"image\":{\"@id\":\"https:\\\/\\\/norvid.lt\\\/#\\\/schema\\\/logo\\\/image\\\/\"},\"sameAs\":[\"https:\\\/\\\/www.facebook.com\\\/profile.php?id=100063518624903\"]}]}<\/script>\n<!-- \/ Yoast SEO plugin. -->","yoast_head_json":{"title":"\u012ekainiai -","description":"Banan\u0173 d\u0117\u017e\u0117s dyd\u017eio siunta nuo 30 EUR\/350 Kr. Automobilio perve\u017eimas i\u0161 Lietuvos \u012f Norvegij\u0105 nuo 600 EUR\/7000 Kr.","robots":{"index":"index","follow":"follow","max-snippet":"max-snippet:-1","max-image-preview":"max-image-preview:large","max-video-preview":"max-video-preview:-1"},"canonical":"https:\/\/norvid.lt\/ikainiai\/","og_locale":"lt_LT","og_type":"article","og_title":"\u012ekainiai -","og_description":"Banan\u0173 d\u0117\u017e\u0117s dyd\u017eio siunta nuo 30 EUR\/350 Kr. Automobilio perve\u017eimas i\u0161 Lietuvos \u012f Norvegij\u0105 nuo 600 EUR\/7000 Kr.","og_url":"https:\/\/norvid.lt\/ikainiai\/","article_publisher":"https:\/\/www.facebook.com\/profile.php?id=100063518624903","article_modified_time":"2026-03-17T16:40:14+00:00","twitter_card":"summary_large_image","twitter_misc":{"Est. reading time":"1 minut\u0117"},"schema":{"@context":"https:\/\/schema.org","@graph":[{"@type":"WebPage","@id":"https:\/\/norvid.lt\/ikainiai\/","url":"https:\/\/norvid.lt\/ikainiai\/","name":"\u012ekainiai -","isPartOf":{"@id":"https:\/\/norvid.lt\/#website"},"datePublished":"2023-02-09T11:30:26+00:00","dateModified":"2026-03-17T16:40:14+00:00","description":"Banan\u0173 d\u0117\u017e\u0117s dyd\u017eio siunta nuo 30 EUR\/350 Kr. Automobilio perve\u017eimas i\u0161 Lietuvos \u012f Norvegij\u0105 nuo 600 EUR\/7000 Kr.","breadcrumb":{"@id":"https:\/\/norvid.lt\/ikainiai\/#breadcrumb"},"inLanguage":"lt-LT","potentialAction":[{"@type":"ReadAction","target":["https:\/\/norvid.lt\/ikainiai\/"]}]},{"@type":"BreadcrumbList","@id":"https:\/\/norvid.lt\/ikainiai\/#breadcrumb","itemListElement":[{"@type":"ListItem","position":1,"name":"Home","item":"https:\/\/norvid.lt\/"},{"@type":"ListItem","position":2,"name":"\u012ekainiai"}]},{"@type":"WebSite","@id":"https:\/\/norvid.lt\/#website","url":"https:\/\/norvid.lt\/","name":"Norvid.lt","description":"","publisher":{"@id":"https:\/\/norvid.lt\/#organization"},"potentialAction":[{"@type":"SearchAction","target":{"@type":"EntryPoint","urlTemplate":"https:\/\/norvid.lt\/?s={search_term_string}"},"query-input":{"@type":"PropertyValueSpecification","valueRequired":true,"valueName":"search_term_string"}}],"inLanguage":"lt-LT"},{"@type":"Organization","@id":"https:\/\/norvid.lt\/#organization","name":"UAB ,,Norvid\"","url":"https:\/\/norvid.lt\/","logo":{"@type":"ImageObject","inLanguage":"lt-LT","@id":"https:\/\/norvid.lt\/#\/schema\/logo\/image\/","url":"https:\/\/norvid.lt\/wp-content\/uploads\/2023\/02\/cropped-logo.png","contentUrl":"https:\/\/norvid.lt\/wp-content\/uploads\/2023\/02\/cropped-logo.png","width":719,"height":218,"caption":"UAB ,,Norvid\""},"image":{"@id":"https:\/\/norvid.lt\/#\/schema\/logo\/image\/"},"sameAs":["https:\/\/www.facebook.com\/profile.php?id=100063518624903"]}]}},"_links":{"self":[{"href":"https:\/\/norvid.lt\/wp-json\/wp\/v2\/pages\/24","targetHints":{"allow":["GET"]}}],"collection":[{"href":"https:\/\/norvid.lt\/wp-json\/wp\/v2\/pages"}],"about":[{"href":"https:\/\/norvid.lt\/wp-json\/wp\/v2\/types\/page"}],"author":[{"embeddable":true,"href":"https:\/\/norvid.lt\/wp-json\/wp\/v2\/users\/1"}],"replies":[{"embeddable":true,"href":"https:\/\/norvid.lt\/wp-json\/wp\/v2\/comments?post=24"}],"version-history":[{"count":21,"href":"https:\/\/norvid.lt\/wp-json\/wp\/v2\/pages\/24\/revisions"}],"predecessor-version":[{"id":325,"href":"https:\/\/norvid.lt\/wp-json\/wp\/v2\/pages\/24\/revisions\/325"}],"wp:attachment":[{"href":"https:\/\/norvid.lt\/wp-json\/wp\/v2\/media?parent=24"}],"curies":[{"name":"wp","href":"https:\/\/api.w.org\/{rel}","templated":true}]}}